are the prime factors of 2051?
7, 293
What are the prime factors of 101618?
2, 11, 31, 149
What are the prime factors of 5070?
2, 3, 5, 13
List the prime factors of 24335.
5, 31, 157
What are the prime factors of 12694?
2, 11, 577
What are the prime factors of 1695?
3, 5, 113
List the prime factors of 94324.
2, 23581
List the prime factors of 11638.
2, 11, 23
What are the prime factors of 850?
2, 5, 17
What are the prime factors of 27852?
2, 3, 11, 211
List the prime factors of 1051.
1051
What are the prime factors of 3011?
3011
List the prime factors of 94577.
7, 59, 229
What are the prime factors of 27600?
2, 3, 5, 23
What are the prime factors of 77074?
2, 89, 433
What are the prime factors of 10431?
3, 19, 61
List the prime factors of 84581.
7, 43, 281
What are the prime factors of 12379?
12379
List the prime factors of 4907.
7, 701
List the prime factors of 48684.
2, 3, 4057
List the prime factors of 12567.
3, 59, 71
List the prime factors of 13312.
2, 13
What are the prime factors of 1673?
7, 239
What are the prime factors of 402?
2, 3, 67
List the prime factors of 7353.
3, 19, 43
List the prime factors of 33656.
2, 7, 601
What are the prime factors of 26420?
2, 5, 1321
What are the prime factors of 549?
3, 61
List the prime factors of 21079.
107, 197
What are the prime factors of 842?
2, 421
List the prime factors of 4095.
3, 5, 7, 13
What are the prime factors of 16751?
7, 2393
What are the prime factors of 599?
599
List the prime factors of 7488.
2, 3, 13
List the prime factors of 61407.
3, 6823
List the prime factors of 91594.
2, 41, 1117
List the prime factors of 1062.
2, 3, 59
List the prime factors of 25541.
25541
What are the prime factors of 3806?
2, 11, 173
List the prime factors of 15224.
2, 11, 173
What are the prime factors of 114456?
2, 3, 19, 251
List the prime factors of 100740.
2, 3, 5, 23, 73
What are the prime factors of 14933?
109, 137
List the prime factors of 39601.
199
What are the prime factors of 24?
2, 3
What are the prime factors of 2556?
2, 3, 71
List the prime factors of 1507.
11, 137
List the prime factors of 457.
457
What are the prime factors of 14051?
14051
What are the prime factors of 58706?
2, 149, 197
List the prime factors of 13911.
3, 4637
List the prime factors of 10195.
5, 2039
What are the prime factors of 1171?
1171
What are the prime factors of 15969?
3, 5323
List the prime factors of 3907.
3907
List the prime factors of 4486.
2, 2243
What are the prime factors of 9540?
2, 3, 5, 53
List the prime factors of 40120.
2, 5, 17, 59
List the prime factors of 255.
3, 5, 17
List the prime factors of 1021.
1021
List the prime factors of 8757.
3, 7, 139
List the prime factors of 44980.
2, 5, 13, 173
List the prime factors of 1839.
3, 613
List the prime factors of 1202.
2, 601
What are the prime factors of 1327?
1327
What are the prime factors of 406?
2, 7, 29
List the prime factors of 451.
11, 41
List the prime factors of 9254.
2, 7, 661
List the prime factors of 10615.
5, 11, 193
List the prime factors of 1899.
3, 211
What are the prime factors of 18500?
2, 5, 37
What are the prime factors of 3756?
2, 3, 313
What are the prime factors of 8167?
8167
What are the prime factors of 61848?
2, 3, 859
List the prime factors of 19612.
2, 4903
What are the prime factors of 699?
3, 233
List the prime factors of 1331.
11
What are the prime factors of 18100?
2, 5, 181
What are the prime factors of 117428?
2, 31, 947
What are the prime factors of 574?
2, 7, 41
List the prime factors of 3230.
2, 5, 17, 19
List the prime factors of 3269.
7, 467
List the prime factors of 4903.
4903
List the prime factors of 21412.
2, 53, 101
List the prime factors of 2068.
2, 11, 47
What are the prime factors of 3684?
2, 3, 307
List the prime factors of 74100.
2, 3, 5, 13, 19
List the prime factors of 4730.
2, 5, 11, 43
What are the prime factors of 36663?
3, 11, 101
List the prime factors of 31712.
2, 991
What are the prime factors of 18385?
5, 3677
What are the prime factors of 22735?
5, 4547
List the prime factors of 4723.
4723
List the prime factors of 10357.
10357
List the prime factors of 1749.
3, 11, 53
List the prime factors of 3690.
2, 3, 5, 41
What are the prime factors of 4862?
2, 11, 13, 17
What are the prime factors of 1112?
2, 139
What are the prime factors of 10048?
2, 157
List the prime factors of 731.
17, 43
What are the prime factors of 33354?
2, 3, 17, 109
List the prime factors of 3772.
2, 23, 41
What are the prime factors of 11361?
3, 7, 541
List the prime factors of 257.
257
List the prime factors of 20306.
2, 11, 13, 71
List the prime factors of 180104.
2, 47, 479
List the prime factors of 6727.
7, 31
List the prime factors of 42943.
42943
List the prime factors of 15471.
3, 191
List the prime factors of 27172.
2, 6793
List the prime factors of 18888.
2, 3, 787
What are the prime factors of 3705?
3, 5, 13, 19
List the prime factors of 67343.
67343
What are the prime factors of 4408?
2, 19, 29
What are the prime factors of 11103?
3, 3701
What are the prime factors of 264?
2, 3, 11
List the prime factors of 105.
3, 5, 7
List the prime factors of 16579.
59, 281
What are the prime factors of 816?
2, 3, 17
List the prime factors of 1603.
7, 229
What are the prime factors of 2692?
2, 673
What are the prime factors of 7115?
5, 1423
List the prime factors of 1314.
2, 3, 73
List the prime factors of 11331.
3, 1259
List the prime factors of 890.
2, 5, 89
What are the prime factors of 28587?
3, 13, 733
List the prime factors of 971.
971
List the prime factors of 21719.
37, 587
What are the prime factors of 14985?
3, 5, 37
List the prime factors of 71770.
2, 5, 7177
List the prime factors of 1653.
3, 19, 29
What are the prime factors of 62182?
2, 31091
What are the prime factors of 5901?
3, 7, 281
List the prime factors of 390.
2, 3, 5, 13
List the prime factors of 102969.
3, 17, 673
What are the prime factors of 289?
17
What are the prime factors of 1141?
7, 163
What are the prime factors of 90065?
5, 18013
What are the prime factors of 381?
3, 127
List the prime factors of 1840.
2, 5, 23
What are the prime factors of 42041?
17, 2473
List the prime factors of 2156.
2, 7, 11
List the prime factors of 1585.
5, 317
What are the prime factors of 9845?
5, 11, 179
What are the prime factors of 2642?
2, 1321
What are the prime factors of 7498?
2, 23, 163
What are the prime factors of 1489?
1489
List the prime factors of 61557.
3, 17, 71
List the prime factors of 24942.
2, 3, 4157
List the prime factors of 606.
2, 3, 101
List the prime factors of 1031.
1031
What are the prime factors of 14955?
3, 5, 997
What are the prime factors of 54456?
2, 3, 2269
List the prime factors of 7652.
2, 1913
What are the prime factors of 40018?
2, 11, 17, 107
What are the prime factors of 8758?
2, 29, 151
List the prime factors of 553.
7, 79
What are the prime factors of 891?
3, 11
What are the prime factors of 5294?
2, 2647
List the prime factors of 146698.
2, 41, 1789
List the prime factors of 28262.
2, 13, 1087
What are the prime factors of 5121?
3, 569
List the prime factors of 638.
2, 11, 29
List the prime factors of 14594.
2, 7297
What are the prime factors of 2615?
5, 523
List the prime factors of 833.
7, 17
List the prime factors of 2692.
2, 673
What are the prime factors of 21359?
13, 31, 53
List the prime factors of 17849.
13, 1373
What are the prime factors of 465?
3, 5, 31
What are the prime factors of 1470?
2, 3, 5, 7
List the prime factors of 6956.
2, 37, 47
List the prime factors of 1018.
2, 509
What are the prime factors of 2275?
5, 7, 13
List the prime factors of 518.
2, 7, 37
List the prime factors of 9940.
2, 5, 7, 71
What are the prime factors of 1203?
3, 401
List the prime factors of 90783.
3, 7, 11, 131
What are the prime factors of 18669?
3, 7, 127
What are the prime factors of 1336?
2, 167
What are the prime factors of 6464?
2, 101
What are the prime factors of 10679?
59, 181
List the prime factors of 1776.
2, 3, 37
What are the prime factors of 1505?
5, 7, 43
What are the prime factors of 10188?
2, 3, 283
What are the prime factors of 616?
2, 7, 11
What are the prime factors of 1753?
1753
What are the prime factors of 2748?
2, 3, 229
List the prime factors of 849.
3, 283
List the prime factors of 57126.
2, 3, 9521
List t